ommon divisor of 15 and a?
15
Let h(s) = -9*s + 10. Let m be h(0). What is the highest common divisor of 170 and m?
10
Suppose -2*o - o = 4*t - 105, -5*t + 126 = 2*o. Let w = 44 + -20. Calculate the greatest common factor of t and w.
24
Suppose 5*n = n. Let r(l) = 4*l + 102. Let d be r(23). Suppose 3*m + o - 123 = n, -d = -2*m - 3*m + 2*o. What is the greatest common divisor of m and 100?
20
Suppose 0 = 5*c - w + 1, -c + 0*w - 1 = -w. Suppose -3*n = -c*a + 4*a - 71, -2*n - 15 = -a. Let m = 146 + -95. Calculate the highest common factor of m and a.
17
Let t be -4*(3 - 105/28). What is the greatest common divisor of t and 9?
3
Let z = -13 + 34. Let a = -355 - -390. What is the greatest common factor of z and a?
7
Suppose -2*p + 20 = 2*z, -3*p - 2*p + 20 = 0. Let g = 68 + -72. Let a be -4 - (-21)/(-14)*g. Calculate the greatest common factor of a and z.
2
Let k = 1748 + -1746. Let h = -180 + 270. Suppose 7*v - 2*v - h = 0. Calculate the highest common divisor of v and k.
2
Suppose 3*a - 105 = 5*d, 43*d = -3*a + 45*d + 105. Let c = 7 + -2. What is the highest common factor of c and a?
5
Let b = 82 + -30. Let w be (1 + -3)/(b/169)*-2. What is the highest common factor of w and 91?
13
Suppose 46 = 24*w - 146. Calculate the highest common divisor of w and 24.
8
Let t be (-1438)/8 - 24/96. Let p = t - -340. What is the greatest common factor of 20 and p?
20
Let h be 1 + -1 - (15 + -18). Suppose h*b - 3*j = j + 47, -3*b + 7 = 4*j. Calculate the highest common factor of 81 and b.
9
Suppose -3*v + 1638 = 10*v. What is the highest common factor of 54 and v?
18
Let v(w) = -w + 70. Suppose 2*u - u = -2*u. Let p be v(u). What is the highest common factor of p and 20?
10
Let a be (0 + 3/(-2))/((-156)/1664). Calculate the greatest common factor of a and 752.
16
Let n be 75*9/(-45)*-11. What is the highest common factor of 440 and n?
55
Let v(z) be the third derivative of -z**4/4 + 8*z**3/3 - 12*z**2. Let k be v(-9). Calculate the highest common factor of 105 and k.
35
Let l(b) = -1 - 6 - 105*b + 121*b + 4. Let w be l(5). Calculate the highest common factor of w and 11.
11
Let u(a) = -2 - 3 + 0*a + 2 - a. Let x be u(-3). Suppose -2*c + 24 = -x*c. Calculate the greatest common factor of 36 and c.
12
Let u = -16 + 24. Let r be u/(-24)*(-3 - 0). Calculate the greatest common factor of r and 5.
1
Suppose 4*d + 4*i - 2000 = 0, 2*d - 4*i - 795 = 187. What is the greatest common factor of 7 and d?
7
Let t = -559 + 378. Let p = t + 253. What is the highest common factor of p and 8?
8
Suppose 3*v - 1422 = 1422. What is the highest common divisor of v and 24?
12
Suppose -5*s - 5*v = -9*v - 121, 4*v = 2*s - 46. Suppose 0 = -j - 0*x + 3*x - 5, 0 = -5*j - x + 55. Calculate the greatest common factor of j and s.
5
Let z be (-6)/(-33) - (1 - 1180/44). Let s(l) = -8*l**2 - 4*l - 1. Let v be s(3). Let c = 201 - v. Calculate the greatest common divisor of c and z.
26
Suppose 3*f + 3*d = 168, -3*f - 3*d - 304 = -8*f. Calculate the highest common divisor of 2773 and f.
59
Let p(y) = y**3 + 14*y**2 - 3*y - 28. Let u be p(-14). Let l(a) = 3*a**2 - 2*a + 1 + 0*a + 0*a. Let g be l(1). Calculate the highest common divisor of g and u.
2
Let n = 26 - -128. Suppose -5*c + 2*o = 125, 4*c + 2*o + 87 = o. Let r = c - -37. What is the highest common factor of n and r?
14
Suppose -4*p = z - 10, 0 = 5*p - 21 + 1. Let j(g) = -3*g - 11. Let h be j(z). What is the greatest common divisor of h and 28?
7
Suppose 5*i + 4*c - 24 = 0, 4*i = 4*c + 2 + 10. Suppose -6*r = -i*r - 28. Let m = -5 + r. What is the greatest common divisor of m and 6?
3
Suppose 0 = -7*o + 3*o + 8. Let t = -90 - -45. Let q be (-125)/t + (-2)/(-9). What is the greatest common divisor of q and o?
1
Let j be -6 + 11 + 23 + -8. Suppose 560 = 3*f - 4*h, -f - h = -4*f + 545. Calculate the highest common divisor of f and j.
20
Suppose -5*g - 3*w + 4 = -4, g = w + 8. Let b = 1 + g. What is the highest common divisor of 5 and b?
5
Let j = -801 - -918. What is the greatest common divisor of 36 and j?
9
Suppose -8 + 3 = -o. Suppose 381 = 4*w + 2*p - 3*p, 0 = -o*w - 4*p + 492. What is the highest common factor of w and 64?
32
Let z(w) = -28 + 11*w + w**3 + 6*w + w**2 + 2*w**2 - 17*w**2. Let c be z(13). What is the greatest common factor of 48 and c?
24
Let p be (-23562)/(-264) + (-3)/(-4). Calculate the greatest common factor of p and 30.
30
Let l = -334 - -1062. What is the highest common divisor of 91 and l?
91
Suppose -2*u + 2*s = -2, -9*s + 20 = 5*u - 11*s. Calculate the greatest common factor of u and 2.
2
Let o = -3 - -13. Suppose -604 = -4*i + 4*b, i + 4*b + 65 - 211 = 0. Let n = -60 + i. What is the greatest common divisor of n and o?
10
Let g = -195 + 540. Suppose 0 = 4*x + x + g. Let w = x - -149. What is the greatest common factor of w and 8?
8
Suppose 3*k + 2*a = 170, -96 = -4*k - 4*a + 132. What is the highest common divisor of k and 28?
28
Let l be 38 + (0 - (0 - -2)). Let m(n) = 90*n**2. Let i be m(2). Suppose -5*f + i = -90. What is the highest common divisor of f and l?
18
Let h = -319 - -321. Calculate the highest common divisor of h and 54.
2
Suppose -5*w + 3*f = -102 - 4, -3*f + 32 = w. Let i = w - 2. Calculate the highest common divisor of i and 105.
21
Suppose 8*y - 9 = 23. Suppose -3*b + 109 = 5*t, -74 = -0*b - 2*b - y*t. Calculate the greatest common divisor of 363 and b.
33
Suppose 0 = 17*u - 24*u + 35. Let r be 2/(308/60 - u). Calculate the greatest common factor of 180 and r.
15
Let a be (1 + -2)*(-2 + 0 + 69). Let h be 1 - 2 - (a + 3). What is the highest common factor of 42 and h?
21
Let i(k) = -3*k**2 - 48*k - 12. Let d be i(-13). Suppose o + o - 30 = -3*x, 4*o = -x + 80. What is the greatest common factor of d and o?
21
Suppose 0 = 2*z + 2*z + 5*b + 14089, 5*b - 17555 = 5*z. Let h be z/(-45) + 6/(-45). Calculate the greatest common factor of 26 and h.
26
Let i = 168 + -88. Let v(y) = y + 1. Let q be v(6). Suppose -3 - 3 = -n + 4*x, -n = -3*x - q. What is the highest common divisor of i and n?
10
Suppose 8 = -u + 14. Suppose u*p - 5*o - 405 = 3*p, 0 = 3*p - 2*o - 414. What is the highest common divisor of p and 20?
20
Suppose -3*t + 5*p - 84 + 513 = 0, -t + 147 = -3*p. Suppose -9*f + t = -114. Calculate the greatest common divisor of 14 and f.
14
Let f be (-1772)/(-5) + 0 + 90/150. What is the highest common factor of f and 639?
71
Suppose -u + 257 = 5*j, 5*u - 10 = -j + 1155. Let o = -1374 - -1403. What is the highest common factor of o and u?
29
Suppose 3*b + 0 - 36 = 0. Let h(d) = 5*d**2 - 6*d - 3. Suppose 2*w + w = -9. Let y be h(w). Calculate the highest common factor of b and y.
12
Let r be 1*1*72 + 0/(-3). Calculate the highest common divisor of r and 90.
18
Let g = 76 + 52. What is the greatest common factor of 96 and g?
32
Let a be (-6 + 4)*2/(-4). Let x be (0 + a)*(-1 - -1). Suppose -10 = -5*p - x. What is the highest common divisor of p and 8?
2
Suppose -3*x + 116 = -127. What is the greatest common divisor of 108 and x?
27
Suppose 20*k = 416 + 404. What is the highest common factor of 164 and k?
41
Let l = 25 + -1. Suppose -1 = -5*u + l, -y + 85 = 3*u. What is the highest common factor of y and 35?
35
Let l = 168 + -81. Let r be ((-58)/10)/(7/(-35)). What is the greatest common factor of r and l?
29
Suppose -3*c - l = -392, 5*c - 3*l = -296 + 968. Calculate the highest common factor of c and 330.
66
Suppose 5*s - 5*j - 80 = 0, 0 = 2*s + 4*j - 0*j - 8. Let u(g) = -14*g + 2. Suppose -1 = 5*c + 9. Let h be u(c). What is the highest common factor of s and h?
6
Suppose -m - 14 = -3*t, 3*t + 24 - 8 = -5*m. Suppose t*u = 4*u - 6. Let s be (u/(-8))/(9/(-2772)). What is the highest common factor of 21 and s?
21
Let m(s) = -s**2 + 2*s + 4. Let q be m(3). Let b be 4 - q - (-302)/2. Calculate the highest common factor of b and 14.
14
Let g be (16 + -2)*(-17)/(-2). Let j = g - 37. Suppose -j = -4*o - 18. Calculate the highest common factor of o and 2.
2
Let z = 67 + -11. Suppose 2*u = -5*u + z. Let x(m) = -2*m**3 - m**2 + 1. Let r be x(-1). What is the greatest common factor of r and u?
2
Let x = 30 - 11. Suppose -5*w + 173 - 57 = 3*k, -w = 2*k - x. Suppose 5*c - 5*q = -0 + 35, -3*c + w = q. What is the greatest common factor of c and 8?
8
Let o = -604 - -1083. Let r = o - 327. Suppose 3*x - r = -5*x. Calcu